{"id":16692,"date":"2024-06-15T12:53:25","date_gmt":"2024-06-15T12:53:25","guid":{"rendered":"https:\/\/czeslawurban.pl\/?page_id=16692"},"modified":"2025-10-06T06:58:39","modified_gmt":"2025-10-06T06:58:39","slug":"o-mnie","status":"publish","type":"page","link":"https:\/\/czeslawurban.pl\/index.php\/o-mnie\/","title":{"rendered":"O MNIE"},"content":{"rendered":"<p><img loading=\"lazy\" decoding=\"async\" class=\"size-medium wp-image-896 alignleft\" src=\"https:\/\/czeslawurban.pl\/wp-content\/uploads\/423944355_749930186822614_2519752994764434679_n-200x300.jpg\" alt=\"\" width=\"200\" height=\"300\" srcset=\"https:\/\/czeslawurban.pl\/wp-content\/uploads\/423944355_749930186822614_2519752994764434679_n-200x300.jpg 200w, https:\/\/czeslawurban.pl\/wp-content\/uploads\/423944355_749930186822614_2519752994764434679_n-684x1024.jpg 684w, https:\/\/czeslawurban.pl\/wp-content\/uploads\/423944355_749930186822614_2519752994764434679_n-100x150.jpg 100w, https:\/\/czeslawurban.pl\/wp-content\/uploads\/423944355_749930186822614_2519752994764434679_n-768x1151.jpg 768w, https:\/\/czeslawurban.pl\/wp-content\/uploads\/423944355_749930186822614_2519752994764434679_n-1025x1536.jpg 1025w, https:\/\/czeslawurban.pl\/wp-content\/uploads\/423944355_749930186822614_2519752994764434679_n-1367x2048.jpg 1367w, https:\/\/czeslawurban.pl\/wp-content\/uploads\/423944355_749930186822614_2519752994764434679_n-234x350.jpg 234w, https:\/\/czeslawurban.pl\/wp-content\/uploads\/423944355_749930186822614_2519752994764434679_n-scaled.jpg 1709w\" sizes=\"auto, (max-width: 200px) 100vw, 200px\" \/><\/p>\n<p style=\"text-align: justify;\" data-start=\"170\" data-end=\"635\">Mam 59 lat, jestem \u017conaty i mam troje dzieci oraz dwoje kochanych wnucz\u0105t. Mieszkam w Ustrzykach od urodzenia. Zawodowo zajmuj\u0119 si\u0119 bezpiecze\u0144stwem i higien\u0105 pracy. Jestem zwolennikiem sportu i aktywnego stylu \u017cycia. Moj\u0105 pasj\u0105 jest fotografia, a ostatnio tak\u017ce praca przy obs\u0142udze kamery, gdzie pomagam w telewizji FARA.tv. Moj\u0105 now\u0105 pasj\u0105 jest jazda na rowerze \u2013 przy dobrej pogodzie i chwili wolnego czasu mo\u017cna mnie spotka\u0107 na ma\u0142ej p\u0119tli wok\u00f3\u0142 Hoszowa i R\u00f3wni.<\/p>\n<p style=\"text-align: justify;\" data-start=\"637\" data-end=\"905\">Od 1997 roku jestem cz\u0142onkiem Akcji Katolickiej. W 1999 roku zosta\u0142em prezesem POAK w parafii pw. NMP Kr\u00f3lowej Polski, gdzie pe\u0142ni\u0142em t\u0119 funkcj\u0119 przez dwie kadencje. Od 2004 roku jestem cz\u0142onkiem Zarz\u0105du DIAK \u2013 w tej kadencji pe\u0142ni\u0119 funkcj\u0119 wiceprezesa oraz skarbnika.<\/p>\n<p style=\"text-align: justify;\" data-start=\"907\" data-end=\"1427\">Jestem radnym Rady Miejskiej w Ustrzykach Dolnych \u2013 pe\u0142ni\u0142em t\u0119 funkcj\u0119 w latach 1998\u20132002 oraz nieprzerwanie od 2014 roku. W nowej kadencji nadal jestem przewodnicz\u0105cym Komisji Rewizyjnej oraz pe\u0142ni\u0119 funkcj\u0119 wiceprzewodnicz\u0105cego Komisji Skarg, Wniosk\u00f3w i Petycji. Moja praca w samorz\u0105dzie zawsze by\u0142a i jest ukierunkowana na cz\u0142owieka. S\u0142ucham mieszka\u0144c\u00f3w, kt\u00f3rzy zwracaj\u0105 si\u0119 do mnie ze swoimi problemami, i staram si\u0119 skutecznie im pomaga\u0107. Nadal zamierzam aktywnie wspiera\u0107 mieszka\u0144c\u00f3w Miasta i Gminy Ustrzyki Dolne.<\/p>\n<p style=\"text-align: justify;\" data-start=\"1429\" data-end=\"1518\">W \u017cyciu prywatnym i spo\u0142ecznym kieruj\u0119 si\u0119 warto\u015bciami chrze\u015bcija\u0144skimi i patriotycznymi.<\/p>\n","protected":false},"excerpt":{"rendered":"<p>Mam 59 lat, jestem \u017conaty i mam troje dzieci oraz dwoje kochanych wnucz\u0105t. Mieszkam w Ustrzykach od urodzenia. Zawodowo zajmuj\u0119 si\u0119 bezpiecze\u0144stwem i higien\u0105 pracy. Jestem zwolennikiem sportu i aktywnego stylu \u017cycia. Moj\u0105 pasj\u0105 jest fotografia, a ostatnio tak\u017ce praca przy obs\u0142udze kamery, gdzie pomagam w telewizji FARA.tv. Moj\u0105 now\u0105 pasj\u0105 jest jazda na rowerze&#8230;<\/p>\n","protected":false},"author":2,"featured_media":0,"parent":0,"menu_order":0,"comment_status":"closed","ping_status":"closed","template":"","meta":{"ngg_post_thumbnail":0,"footnotes":""},"class_list":["post-16692","page","type-page","status-publish","hentry"],"jetpack_sharing_enabled":true,"_links":{"self":[{"href":"https:\/\/czeslawurban.pl\/index.php\/wp-json\/wp\/v2\/pages\/16692","targetHints":{"allow":["GET"]}}],"collection":[{"href":"https:\/\/czeslawurban.pl\/index.php\/wp-json\/wp\/v2\/pages"}],"about":[{"href":"https:\/\/czeslawurban.pl\/index.php\/wp-json\/wp\/v2\/types\/page"}],"author":[{"embeddable":true,"href":"https:\/\/czeslawurban.pl\/index.php\/wp-json\/wp\/v2\/users\/2"}],"replies":[{"embeddable":true,"href":"https:\/\/czeslawurban.pl\/index.php\/wp-json\/wp\/v2\/comments?post=16692"}],"version-history":[{"count":6,"href":"https:\/\/czeslawurban.pl\/index.php\/wp-json\/wp\/v2\/pages\/16692\/revisions"}],"predecessor-version":[{"id":20076,"href":"https:\/\/czeslawurban.pl\/index.php\/wp-json\/wp\/v2\/pages\/16692\/revisions\/20076"}],"wp:attachment":[{"href":"https:\/\/czeslawurban.pl\/index.php\/wp-json\/wp\/v2\/media?parent=16692"}],"curies":[{"name":"wp","href":"https:\/\/api.w.org\/{rel}","templated":true}]}}

<p><img loading="lazy" decoding="async" class="size-medium wp-image-896 alignleft" src="https://czeslawurban.pl/wp-content/uploads/423944355_749930186822614_2519752994764434679_n-200x300.jpg" alt="" width="200" height="300" srcset="https://czeslawurban.pl/wp-content/uploads/423944355_749930186822614_2519752994764434679_n-200x300.jpg 200w, https://czeslawurban.pl/wp-content/uploads/423944355_749930186822614_2519752994764434679_n-684x1024.jpg 684w, https://czeslawurban.pl/wp-content/uploads/423944355_749930186822614_2519752994764434679_n-100x150.jpg 100w, https://czeslawurban.pl/wp-content/uploads/423944355_749930186822614_2519752994764434679_n-768x1151.jpg 768w, https://czeslawurban.pl/wp-content/uploads/423944355_749930186822614_2519752994764434679_n-1025x1536.jpg 1025w, https://czeslawurban.pl/wp-content/uploads/423944355_749930186822614_2519752994764434679_n-1367x2048.jpg 1367w, https://czeslawurban.pl/wp-content/uploads/423944355_749930186822614_2519752994764434679_n-234x350.jpg 234w, https://czeslawurban.pl/wp-content/uploads/423944355_749930186822614_2519752994764434679_n-scaled.jpg 1709w" sizes="auto, (max-width: 200px) 100vw, 200px" /></p>
<p style="text-align: justify;" data-start="170" data-end="635">Mam 59 lat, jestem żonaty i mam troje dzieci oraz dwoje kochanych wnucząt. Mieszkam w Ustrzykach od urodzenia. Zawodowo zajmuję się bezpieczeństwem i higieną pracy. Jestem zwolennikiem sportu i aktywnego stylu życia. Moją pasją jest fotografia, a ostatnio także praca przy obsłudze kamery, gdzie pomagam w telewizji FARA.tv. Moją nową pasją jest jazda na rowerze – przy dobrej pogodzie i chwili wolnego czasu można mnie spotkać na małej pętli wokół Hoszowa i Równi.</p>
<p style="text-align: justify;" data-start="637" data-end="905">Od 1997 roku jestem członkiem Akcji Katolickiej. W 1999 roku zostałem prezesem POAK w parafii pw. NMP Królowej Polski, gdzie pełniłem tę funkcję przez dwie kadencje. Od 2004 roku jestem członkiem Zarządu DIAK – w tej kadencji pełnię funkcję wiceprezesa oraz skarbnika.</p>
<p style="text-align: justify;" data-start="907" data-end="1427">Jestem radnym Rady Miejskiej w Ustrzykach Dolnych – pełniłem tę funkcję w latach 1998–2002 oraz nieprzerwanie od 2014 roku. W nowej kadencji nadal jestem przewodniczącym Komisji Rewizyjnej oraz pełnię funkcję wiceprzewodniczącego Komisji Skarg, Wniosków i Petycji. Moja praca w samorządzie zawsze była i jest ukierunkowana na człowieka. Słucham mieszkańców, którzy zwracają się do mnie ze swoimi problemami, i staram się skutecznie im pomagać. Nadal zamierzam aktywnie wspierać mieszkańców Miasta i Gminy Ustrzyki Dolne.</p>
<p style="text-align: justify;" data-start="1429" data-end="1518">W życiu prywatnym i społecznym kieruję się wartościami chrześcijańskimi i patriotycznymi.</p>

<p>Mam 59 lat, jestem żonaty i mam troje dzieci oraz dwoje kochanych wnucząt. Mieszkam w Ustrzykach od urodzenia. Zawodowo zajmuję się bezpieczeństwem i higieną pracy. Jestem zwolennikiem sportu i aktywnego stylu życia. Moją pasją jest fotografia, a ostatnio także praca przy obsłudze kamery, gdzie pomagam w telewizji FARA.tv. Moją nową pasją jest jazda na rowerze&#8230;</p>
