{"id":21487,"date":"2026-03-02T09:07:38","date_gmt":"2026-03-02T09:07:38","guid":{"rendered":"https:\/\/czeslawurban.pl\/?page_id=21487"},"modified":"2026-03-02T09:08:02","modified_gmt":"2026-03-02T09:08:02","slug":"galeria-2026","status":"publish","type":"page","link":"https:\/\/czeslawurban.pl\/index.php\/galeria-2026\/","title":{"rendered":"Galeria 2026"},"content":{"rendered":"<h3 class=\"\" data-start=\"85\" data-end=\"185\"><strong>ngg_shortcode_0_placeholder &#8211; <\/strong>Bieg Pami\u0119ci \u201eTropem Wilczym&#8221;&nbsp;<\/h3>\n<h3 class=\"\" data-start=\"85\" data-end=\"185\"><strong>ngg_shortcode_1_placeholder &#8211; <\/strong>Narodowy Dzie\u0144 Pami\u0119ci \u201e\u017bo\u0142nierzy Wykl\u0119tych\u201d na ustrzyckim Rynku<\/h3>\n<h3 class=\"\" data-start=\"85\" data-end=\"185\"><strong>ngg_shortcode_2_placeholder &#8211; Rynek noc\u0105<\/strong><\/h3>\n<h3 class=\"\" data-start=\"85\" data-end=\"185\"><strong>ngg_shortcode_3_placeholder &#8211; Zima w Ustrzykach Dolnych<\/strong><\/h3>\n","protected":false},"excerpt":{"rendered":"<p>&#8211; Bieg Pami\u0119ci \u201eTropem Wilczym&#8221;&nbsp; &#8211; Narodowy Dzie\u0144 Pami\u0119ci \u201e\u017bo\u0142nierzy Wykl\u0119tych\u201d na ustrzyckim Rynku &#8211; Rynek noc\u0105 &#8211; Zima w Ustrzykach Dolnych<\/p>\n","protected":false},"author":2,"featured_media":0,"parent":0,"menu_order":0,"comment_status":"closed","ping_status":"closed","template":"","meta":{"ngg_post_thumbnail":0,"footnotes":""},"class_list":["post-21487","page","type-page","status-publish","hentry"],"jetpack_sharing_enabled":true,"_links":{"self":[{"href":"https:\/\/czeslawurban.pl\/index.php\/wp-json\/wp\/v2\/pages\/21487","targetHints":{"allow":["GET"]}}],"collection":[{"href":"https:\/\/czeslawurban.pl\/index.php\/wp-json\/wp\/v2\/pages"}],"about":[{"href":"https:\/\/czeslawurban.pl\/index.php\/wp-json\/wp\/v2\/types\/page"}],"author":[{"embeddable":true,"href":"https:\/\/czeslawurban.pl\/index.php\/wp-json\/wp\/v2\/users\/2"}],"replies":[{"embeddable":true,"href":"https:\/\/czeslawurban.pl\/index.php\/wp-json\/wp\/v2\/comments?post=21487"}],"version-history":[{"count":2,"href":"https:\/\/czeslawurban.pl\/index.php\/wp-json\/wp\/v2\/pages\/21487\/revisions"}],"predecessor-version":[{"id":21490,"href":"https:\/\/czeslawurban.pl\/index.php\/wp-json\/wp\/v2\/pages\/21487\/revisions\/21490"}],"wp:attachment":[{"href":"https:\/\/czeslawurban.pl\/index.php\/wp-json\/wp\/v2\/media?parent=21487"}],"curies":[{"name":"wp","href":"https:\/\/api.w.org\/{rel}","templated":true}]}}